{"id":2794,"date":"2019-11-06T14:52:29","date_gmt":"2019-11-06T14:52:29","guid":{"rendered":"https:\/\/almeidaambiental.com.br\/equipamentos\/?page_id=2794"},"modified":"2022-06-01T19:46:33","modified_gmt":"2022-06-01T19:46:33","slug":"solucoes","status":"publish","type":"page","link":"https:\/\/almeidaambiental.com.br\/equipamentos\/solucoes\/","title":{"rendered":"Solu\u00e7\u00f5es"},"content":{"rendered":"<div class=\"vce-row-container\" data-vce-boxed-width=\"true\"><div class=\"vce-row vce-row--col-gap-30 vce-row-content--top\" id=\"el-a4df0109\" data-vce-do-apply=\"all el-a4df0109\"><div class=\"vce-content-background-container\"><\/div><div class=\"vce-row-content\" data-vce-element-content=\"true\"><div class=\"vce-col vce-col--md-auto vce-col--xs-1 vce-col--xs-last vce-col--xs-first vce-col--sm-last vce-col--sm-first vce-col--md-last vce-col--lg-last vce-col--xl-last vce-col--md-first vce-col--lg-first vce-col--xl-first\" id=\"el-9c32d1f0\"><div class=\"vce-col-inner\" data-vce-do-apply=\"border margin background  el-9c32d1f0\"><div class=\"vce-col-content\" data-vce-element-content=\"true\" data-vce-do-apply=\"padding el-9c32d1f0\"><div class=\"vce-google-fonts-heading vce-google-fonts-heading--align-left vce-google-fonts-heading--color-empty--45--5C00FF--FF7200 vce-google-fonts-heading--font-family-Montserrat\"><div class=\"vce-google-fonts-heading-wrapper\"><div class=\"vce-google-fonts-heading--background vce\" id=\"el-45899c86\" data-vce-do-apply=\"border background  padding margin el-45899c86\"><h2 class=\"vce-google-fonts-heading-inner\" style=\"font-size: 40px; font-weight: 700; font-style: normal;\">Encontre o produto ideal para a sua necessidade<\/h2><\/div><\/div><\/div><\/div><\/div><\/div><\/div><\/div><\/div><div class=\"vce-row-container\" data-vce-boxed-width=\"true\"><div class=\"vce-row vce-row--col-gap-30 vce-row-content--top\" id=\"el-1488456b\" data-vce-do-apply=\"all el-1488456b\"><div class=\"vce-content-background-container\"><\/div><div class=\"vce-row-content\" data-vce-element-content=\"true\"><div class=\"vce-col vce-col--md-auto vce-col--xs-1 vce-col--xs-last vce-col--xs-first vce-col--sm-last vce-col--sm-first vce-col--md-first vce-col--lg-first vce-col--xl-first\" id=\"el-c4ea2e99\"><div class=\"vce-col-inner\" data-vce-do-apply=\"border margin background  el-c4ea2e99\"><div class=\"vce-col-content\" data-vce-element-content=\"true\" data-vce-do-apply=\"padding el-c4ea2e99\"><div class=\"vce-single-image-container vce-single-image--align-left\"><div class=\"vce vce-single-image-wrapper\" id=\"el-62eabf6b\" data-vce-do-apply=\"all el-62eabf6b\"><figure><div class=\"vce-single-image-figure-inner\" style=\"width: 777px;\"><a href=\"https:\/\/almeidaambiental.com.br\/equipamentos\/papelao\/\" title=\"\" class=\"vce-single-image-inner vce-single-image--absolute\" style=\"width: 100%; padding-bottom: 64.3501%;\"><img loading=\"lazy\" decoding=\"async\" class=\"vce-single-image\"  width=\"777\" height=\"500\" srcset=\"https:\/\/almeidaambiental.com.br\/equipamentos\/wp-content\/uploads\/2022\/06\/icones_aba_solucoes_papelao-320x206.png 320w,https:\/\/almeidaambiental.com.br\/equipamentos\/wp-content\/uploads\/2022\/06\/icones_aba_solucoes_papelao-480x309.png 480w,https:\/\/almeidaambiental.com.br\/equipamentos\/wp-content\/uploads\/2022\/06\/icones_aba_solucoes_papelao-777x500.png 777w\" src=\"https:\/\/almeidaambiental.com.br\/equipamentos\/wp-content\/uploads\/2022\/06\/icones_aba_solucoes_papelao-777x500.png\" data-img-src=\"https:\/\/almeidaambiental.com.br\/equipamentos\/wp-content\/uploads\/2019\/11\/icones_aba_solucoes_papelao.png\" alt=\"\" title=\"icones_aba_solucoes_papelao\" \/><\/a><\/div><figcaption hidden=\"\"><\/figcaption><\/figure><\/div><\/div><div class=\"vce-text-block\"><div class=\"vce-text-block-wrapper vce\" id=\"el-755019d4\" data-vce-do-apply=\"all el-755019d4\"><h2 style=\"text-align: center;\"><span style=\"font-size: 22pt;\"><a href=\"https:\/\/almeidaambiental.com.br\/equipamentos\/papelao\/\" data-wplink-edit=\"true\">Papel\u00e3o<\/a><\/span><\/h2><\/div><\/div><\/div><\/div><\/div><div class=\"vce-col vce-col--md-auto vce-col--xs-1 vce-col--xs-last vce-col--xs-first vce-col--sm-last vce-col--sm-first\" id=\"el-86a633fa\"><div class=\"vce-col-inner\" data-vce-do-apply=\"border margin background  el-86a633fa\"><div class=\"vce-col-content\" data-vce-element-content=\"true\" data-vce-do-apply=\"padding el-86a633fa\"><div class=\"vce-single-image-container vce-single-image--align-left\"><div class=\"vce vce-single-image-wrapper\" id=\"el-00ec8003\" data-vce-do-apply=\"all el-00ec8003\"><figure><div class=\"vce-single-image-figure-inner\" style=\"width: 777px;\"><a href=\"https:\/\/almeidaambiental.com.br\/equipamentos\/plastico\/\" title=\"\" class=\"vce-single-image-inner vce-single-image--absolute\" style=\"width: 100%; padding-bottom: 64.3501%;\"><img loading=\"lazy\" decoding=\"async\" class=\"vce-single-image\"  width=\"777\" height=\"500\" srcset=\"https:\/\/almeidaambiental.com.br\/equipamentos\/wp-content\/uploads\/2022\/06\/icones_aba_solucoes_plastico-320x206.png 320w,https:\/\/almeidaambiental.com.br\/equipamentos\/wp-content\/uploads\/2022\/06\/icones_aba_solucoes_plastico-480x309.png 480w,https:\/\/almeidaambiental.com.br\/equipamentos\/wp-content\/uploads\/2022\/06\/icones_aba_solucoes_plastico-777x500.png 777w\" src=\"https:\/\/almeidaambiental.com.br\/equipamentos\/wp-content\/uploads\/2022\/06\/icones_aba_solucoes_plastico-777x500.png\" data-img-src=\"https:\/\/almeidaambiental.com.br\/equipamentos\/wp-content\/uploads\/2019\/11\/icones_aba_solucoes_plastico.png\" alt=\"\" title=\"icones_aba_solucoes_plastico\" \/><\/a><\/div><figcaption hidden=\"\"><\/figcaption><\/figure><\/div><\/div><div class=\"vce-text-block\"><div class=\"vce-text-block-wrapper vce\" id=\"el-db7ee949\" data-vce-do-apply=\"all el-db7ee949\"><h2 style=\"text-align: center;\"><span style=\"font-size: 22pt;\"><a href=\"https:\/\/almeidaambiental.com.br\/equipamentos\/plastico\/\" data-wplink-edit=\"true\">Pl\u00e1stico<\/a><\/span><\/h2><\/div><\/div><\/div><\/div><\/div><div class=\"vce-col vce-col--md-auto vce-col--xs-1 vce-col--xs-last vce-col--xs-first vce-col--sm-last vce-col--sm-first\" id=\"el-24a4ecc9\"><div class=\"vce-col-inner\" data-vce-do-apply=\"border margin background  el-24a4ecc9\"><div class=\"vce-col-content\" data-vce-element-content=\"true\" data-vce-do-apply=\"padding el-24a4ecc9\"><div class=\"vce-single-image-container vce-single-image--align-left\"><div class=\"vce vce-single-image-wrapper\" id=\"el-1996f4df\" data-vce-do-apply=\"all el-1996f4df\"><figure><div class=\"vce-single-image-figure-inner\" style=\"width: 777px;\"><a href=\"https:\/\/almeidaambiental.com.br\/equipamentos\/madeira\/\" title=\"\" class=\"vce-single-image-inner vce-single-image--absolute\" style=\"width: 100%; padding-bottom: 64.3501%;\"><img loading=\"lazy\" decoding=\"async\" class=\"vce-single-image\"  width=\"777\" height=\"500\" srcset=\"https:\/\/almeidaambiental.com.br\/equipamentos\/wp-content\/uploads\/2022\/06\/icones_aba_solucoes_madeira-320x206.png 320w,https:\/\/almeidaambiental.com.br\/equipamentos\/wp-content\/uploads\/2022\/06\/icones_aba_solucoes_madeira-480x309.png 480w,https:\/\/almeidaambiental.com.br\/equipamentos\/wp-content\/uploads\/2022\/06\/icones_aba_solucoes_madeira-777x500.png 777w\" src=\"https:\/\/almeidaambiental.com.br\/equipamentos\/wp-content\/uploads\/2022\/06\/icones_aba_solucoes_madeira-777x500.png\" data-img-src=\"https:\/\/almeidaambiental.com.br\/equipamentos\/wp-content\/uploads\/2019\/11\/icones_aba_solucoes_madeira.png\" alt=\"\" title=\"icones_aba_solucoes_madeira\" \/><\/a><\/div><figcaption hidden=\"\"><\/figcaption><\/figure><\/div><\/div><div class=\"vce-text-block\"><div class=\"vce-text-block-wrapper vce\" id=\"el-9096522a\" data-vce-do-apply=\"all el-9096522a\"><h2 style=\"text-align: center;\"><span style=\"font-size: 22pt;\"><a href=\"https:\/\/almeidaambiental.com.br\/equipamentos\/madeira\/\" data-wplink-edit=\"true\">Madeira<\/a><\/span><\/h2><\/div><\/div><\/div><\/div><\/div><div class=\"vce-col vce-col--md-auto vce-col--xs-1 vce-col--xs-last vce-col--xs-first vce-col--sm-last vce-col--sm-first vce-col--md-last vce-col--lg-last vce-col--xl-last\" id=\"el-82fc22ee\"><div class=\"vce-col-inner\" data-vce-do-apply=\"border margin background  el-82fc22ee\"><div class=\"vce-col-content\" data-vce-element-content=\"true\" data-vce-do-apply=\"padding el-82fc22ee\"><div class=\"vce-single-image-container vce-single-image--align-left\"><div class=\"vce vce-single-image-wrapper\" id=\"el-c0a6f6bf\" data-vce-do-apply=\"all el-c0a6f6bf\"><figure><div class=\"vce-single-image-figure-inner\" style=\"width: 777px;\"><a href=\"https:\/\/almeidaambiental.com.br\/equipamentos\/umidos\/\" title=\"\" class=\"vce-single-image-inner vce-single-image--absolute\" style=\"width: 100%; padding-bottom: 64.3501%;\"><img loading=\"lazy\" decoding=\"async\" class=\"vce-single-image\"  width=\"777\" height=\"500\" srcset=\"https:\/\/almeidaambiental.com.br\/equipamentos\/wp-content\/uploads\/2022\/06\/icones_aba_solucoes_umidos-320x206.png 320w,https:\/\/almeidaambiental.com.br\/equipamentos\/wp-content\/uploads\/2022\/06\/icones_aba_solucoes_umidos-480x309.png 480w,https:\/\/almeidaambiental.com.br\/equipamentos\/wp-content\/uploads\/2022\/06\/icones_aba_solucoes_umidos-777x500.png 777w\" src=\"https:\/\/almeidaambiental.com.br\/equipamentos\/wp-content\/uploads\/2022\/06\/icones_aba_solucoes_umidos-777x500.png\" data-img-src=\"https:\/\/almeidaambiental.com.br\/equipamentos\/wp-content\/uploads\/2019\/11\/icones_aba_solucoes_umidos.png\" alt=\"\" title=\"icones_aba_solucoes_umidos\" \/><\/a><\/div><figcaption hidden=\"\"><\/figcaption><\/figure><\/div><\/div><div class=\"vce-text-block\"><div class=\"vce-text-block-wrapper vce\" id=\"el-e774526e\" data-vce-do-apply=\"all el-e774526e\"><h2 style=\"text-align: center; line-height: 1;\"><a href=\"https:\/\/almeidaambiental.com.br\/equipamentos\/umidos\/\" data-wplink-edit=\"true\"><span style=\"font-size: 22pt;\">Res\u00edduos \u00damidos<\/span><\/a><\/h2><\/div><\/div><\/div><\/div><\/div><\/div><\/div><\/div>\n","protected":false},"excerpt":{"rendered":"Encontre o produto ideal para a sua necessidadePapel\u00e3oPl\u00e1sticoMadeiraRes\u00edduos \u00damidos","protected":false},"author":1,"featured_media":0,"parent":0,"menu_order":0,"comment_status":"closed","ping_status":"closed","template":"page-fullwidth.php","meta":{"footnotes":""},"class_list":["post-2794","page","type-page","status-publish","hentry"],"_links":{"self":[{"href":"https:\/\/almeidaambiental.com.br\/equipamentos\/wp-json\/wp\/v2\/pages\/2794","targetHints":{"allow":["GET"]}}],"collection":[{"href":"https:\/\/almeidaambiental.com.br\/equipamentos\/wp-json\/wp\/v2\/pages"}],"about":[{"href":"https:\/\/almeidaambiental.com.br\/equipamentos\/wp-json\/wp\/v2\/types\/page"}],"author":[{"embeddable":true,"href":"https:\/\/almeidaambiental.com.br\/equipamentos\/wp-json\/wp\/v2\/users\/1"}],"replies":[{"embeddable":true,"href":"https:\/\/almeidaambiental.com.br\/equipamentos\/wp-json\/wp\/v2\/comments?post=2794"}],"version-history":[{"count":6,"href":"https:\/\/almeidaambiental.com.br\/equipamentos\/wp-json\/wp\/v2\/pages\/2794\/revisions"}],"predecessor-version":[{"id":2961,"href":"https:\/\/almeidaambiental.com.br\/equipamentos\/wp-json\/wp\/v2\/pages\/2794\/revisions\/2961"}],"wp:attachment":[{"href":"https:\/\/almeidaambiental.com.br\/equipamentos\/wp-json\/wp\/v2\/media?parent=2794"}],"curies":[{"name":"wp","href":"https:\/\/api.w.org\/{rel}","templated":true}]}}