{"id":203,"date":"2011-09-14T09:45:02","date_gmt":"2011-09-14T09:45:02","guid":{"rendered":"https:\/\/almeidaambiental.com.br\/saturno\/"},"modified":"2022-10-18T20:44:28","modified_gmt":"2022-10-18T20:44:28","slug":"main","status":"publish","type":"page","link":"https:\/\/almeidaambiental.com.br\/saturno\/","title":{"rendered":"Home"},"content":{"rendered":"<div class=\"mp-row-fluid motopress-row mpce-dsbl-margin-left mpce-dsbl-margin-right\"> <div class=\"motopress-clmn mp-span12  mpce-dsbl-margin-left mpce-dsbl-margin-right\">\r\n<p><\/p>\r\n<div class=\"row \">\r\n<div class=\"span4 \"><div class=\"service-box extraservicebox_1\"><figure class=\"icon\"><img decoding=\"async\" src=\"https:\/\/almeidaambiental.com.br\/saturno\/wp-content\/themes\/theme53093\/images\/icon1.png\" alt=\"\" \/><\/figure><div class=\"service-box_body\"><h2 class=\"title\">Diferencial<\/h2><h5 class=\"sub-title\">CONHECIMENTO E EXCEL\u00caNCIA<\/h5><div class=\"service-box_txt\">Prestamos um servi\u00e7o de excel\u00eancia fornecendo solu\u00e7\u00f5es adaptadas a sua empresa. Nosso grande diferencial est\u00e1 no conhecimento do setor de servi\u00e7os ambientais, onde atuamos a n\u00edvel estadual, desde 1985.<\/p>\r\n<p><\/div><div class=\"btn-align\"><a href=\"https:\/\/almeidaambiental.com.br\/saturno\/grupo-almeida\/\" title=\"Read more\" class=\"btn btn-inverse btn-normal btn-primary \" target=\"_self\">Read more<\/a><\/div><\/div><\/div><!-- \/Service Box --><\/div>\r\n<div class=\"span4 \"><div class=\"service-box extraservicebox_1\"><figure class=\"icon\"><img decoding=\"async\" src=\"https:\/\/almeidaambiental.com.br\/saturno\/wp-content\/themes\/theme53093\/images\/icon2.png\" alt=\"\" \/><\/figure><div class=\"service-box_body\"><h2 class=\"title\">Objetivo<\/h2><h5 class=\"sub-title\">FAZER VOC\u00ca ALCAN\u00c7AR A M\u00c1XIMA EFICI\u00caNCIA<\/h5><div class=\"service-box_txt\">Compartilhar o conhecimento adquirido em mais de 35 anos no setor de servi\u00e7os ambientais, levando nossos clientes \u00e0 efici\u00eancia log\u00edstica e sustentabilidade.<\/div><div class=\"btn-align\"><a href=\"https:\/\/almeidaambiental.com.br\/saturno\/grupo-almeida\/\" title=\"Read more\" class=\"btn btn-inverse btn-normal btn-primary \" target=\"_self\">Read more<\/a><\/div><\/div><\/div><!-- \/Service Box --><\/div>\r\n<div class=\"span4 \"><div class=\"service-box extraservicebox_1\"><figure class=\"icon\"><img decoding=\"async\" src=\"https:\/\/almeidaambiental.com.br\/saturno\/wp-content\/themes\/theme53093\/images\/icon3.png\" alt=\"\" \/><\/figure><div class=\"service-box_body\"><h2 class=\"title\">Solu\u00e7\u00f5es<\/h2><h5 class=\"sub-title\">ACESSORIA E TECNOLOGIA PARA A SUA NECESSIDADE<\/h5><div class=\"service-box_txt\">Dispomos de um portif\u00f3lio completo de equipamentos capazes de trazer a solu\u00e7\u00e3o adequada para diferentes materiais e quantidades. Conhe\u00e7a agora mesmo.<\/div><div class=\"btn-align\"><a href=\"https:\/\/almeidaambiental.com.br\/saturno\/solucoes\/\" title=\"Read more\" class=\"btn btn-inverse btn-normal btn-primary \" target=\"_self\">Read more<\/a><\/div><\/div><\/div><!-- \/Service Box --><\/div>\r\n<\/div><!-- .row (end) -->\r\n<section class=\"parallax-box image-parallax-boxparallax1\" ><div class=\"parallax-content\">\r\n<h2>nosso portif\u00f3lio<\/h2>\r\n<div class=\"row \">\r\n<div class=\"span3 adv_style1\"><figure class=\"alignleft icons_adv\"><img decoding=\"async\" src=\"https:\/\/almeidaambiental.com.br\/saturno\/wp-content\/themes\/theme53093\/images\/iconSweets\/icon_adv_1.png\" alt=\"\"><\/figure>\r\n<p><a href=\"https:\/\/almeidaambiental.com.br\/saturno\/coleta\/\">COLETA<\/a><\/p><\/div>\r\n<div class=\"span3 adv_style1\"><figure class=\"alignleft icons_adv\"><img decoding=\"async\" src=\"https:\/\/almeidaambiental.com.br\/saturno\/wp-content\/themes\/theme53093\/images\/iconSweets\/icon_adv_2.png\" alt=\"\"><\/figure>\r\n<p><a href=\"https:\/\/almeidaambiental.com.br\/saturno\/triagem\/\">TRIAGEM<\/a><\/p><\/div>\r\n<div class=\"span3 adv_style1\"><figure class=\"alignleft icons_adv\"><img decoding=\"async\" src=\"https:\/\/almeidaambiental.com.br\/saturno\/wp-content\/themes\/theme53093\/images\/iconSweets\/icon_adv_3.png\" alt=\"\"><\/figure>\r\n<p><a href=\"https:\/\/almeidaambiental.com.br\/saturno\/trituracao\/\">TRITURA\u00c7\u00c3O<\/a><\/p><\/div>\r\n<div class=\"span3 adv_style1\"><figure class=\"alignleft icons_adv\"><img decoding=\"async\" src=\"https:\/\/almeidaambiental.com.br\/saturno\/wp-content\/themes\/theme53093\/images\/iconSweets\/icon_adv_4.png\" alt=\"\"><\/figure>\r\n<p><a href=\"https:\/\/almeidaambiental.com.br\/equipamentos\">ALMEIDA EQUIPAMENTOS<\/a><\/p><\/div>\r\n<\/div><!-- .row (end) -->\r\n<div class=\"clear\"><\/div><\/div><div class=\"parallax-bg\" data-parallax-type=\"image\" data-img-url=\"https:\/\/almeidaambiental.com.br\/saturno\/wp-content\/uploads\/2019\/05\/parallax_1.jpg\" data-speed=\"normal\" data-invert=\"false\" ><\/div><\/section>\r\n<div class=\"content_box extrabox_1 \">\r\n<div class=\"row \">\r\n<div class=\"span8 \"><p><iframe loading=\"lazy\" title=\"ALMEIDA AMBIENTAL - EFICIENTE, R\u00c1PIDO E SUSTENT\u00c1VEL\" width=\"604\" height=\"340\" src=\"https:\/\/www.youtube.com\/embed\/3aMw2iMagAE?feature=oembed\" frameborder=\"0\" allow=\"accelerometer; autoplay; clipboard-write; encrypted-media; gyroscope; picture-in-picture; web-share\" referrerpolicy=\"strict-origin-when-cross-origin\" allowfullscreen><\/iframe><\/p><\/div>\r\n<div class=\"span3 \"><h1><strong><span style=\"color: #ffffff;\">Confira <br \/>nosso v\u00eddeo <br \/>institucional<\/span><\/strong><\/h1><\/div>\r\n<\/div><!-- .row (end) -->\r\n<div class=\"clear\"><\/div><\/div><!-- .content_box (end) -->\r\n<div class=\"row \">\r\n<div class=\"span8 \"><h2>O que o Brasil fala do Grupo Almeida<\/h2>\r\n<script type=\"text\/javascript\">\n\t\t\t\t\t\tjQuery(window).load(function() {\n\t\t\t\t\t\t\tjQuery(\"#flexslider_tafpycqluc\").flexslider({\n\t\t\t\t\t\t\t\tanimation: \"slide\",\n\t\t\t\t\t\t\t\tsmoothHeight : true,\n\t\t\t\t\t\t\t\tdirectionNav: false,\n\t\t\t\t\t\t\t\tcontrolNav: true,\n\t\t\t\t\t\t\t\trtl: false\n\t\t\t\t\t\t\t});\n\t\t\t\t\t\t});<\/script><div id=\"flexslider_tafpycqluc\" class=\"flexslider no-bg extratesti_1\"><ul class=\"slides\"><li class=\"list-item-0\"><h5><a href=\"https:\/\/almeidaambiental.com.br\/saturno\/testimonial-view\/depoimento-1\/\" title=\"Depoimento &#8211; Felipe Basso\">Depoimento &#8211; Felipe Basso<\/a><\/h5><div class=\"post_options\"><span class=\"user\">Felipe Basso<\/span>, <span class=\"info\">Gerente Comercial Operacional da CTS<\/span><br><\/div><p class=\"excerpt\"><span class=\"user\">Felipe Basso<\/span> Conhecemos o equipamento em 2014 em um dos maiores stands da maior feira de meio ambiente do mundo: IFAT na Alemanha. Desde ent\u00e3o adquirimos in\u00fameros compactadores que ca\u00edram como uma luva \u00e0s necessidades dos nossos clientes. Reduzimos a m\u00e3o de obra e devido \u00e0 garantia de satisfa\u00e7\u00e3o plena, fidelizamos os fornecedores. Otimizamos as coletas obtendo&hellip;<\/p><a href=\"https:\/\/almeidaambiental.com.br\/saturno\/testimonial-view\/depoimento-1\/\" class=\"btn btn-primary\" title=\"Depoimento &#8211; Felipe Basso\">mais<\/a><\/li><\/ul><\/div><\/div>\r\n<div class=\"span3 \"><h2>Qual sua necessidade?<\/h2>\r\n<div class=\"list styled arrow-list\">\r\n<ul>\r\n<li><a href=\"https:\/\/almeidaambiental.com.br\/saturno\/coleta\/\">Coleta<\/a><\/li>\r\n<li><a href=\"https:\/\/almeidaambiental.com.br\/saturno\/triagem\/\">Triagem<\/a><\/li>\r\n<li><a href=\"https:\/\/almeidaambiental.com.br\/saturno\/trituracao\/\">Tritura\u00e7\u00e3o<\/a><\/li>\r\n<li><a href=\"https:\/\/almeidaambiental.com.br\/saturno\/cartonagem\/\">Cartonagem<\/a><\/li>\r\n<li><a href=\"https:\/\/almeidaambiental.com.br\/saturno\/gestao-ambiental\/\">Gest\u00e3o Ambiental<\/a><\/li>\r\n<\/ul>\r\n<\/div><\/div>\r\n<\/div><!-- .row (end) -->\r\n<div class=\"extra-wrap extramap\">\r\n<div class=\"content_box extrabgmap \">\r\n<p><img loading=\"lazy\" decoding=\"async\" class=\" size-full wp-image-1994 aligncenter\" src=\"https:\/\/almeidaambiental.com.br\/saturno\/wp-content\/uploads\/2019\/05\/mapmark.png\" alt=\"mapmark\" width=\"34\" height=\"46\" \/><\/p>\r\n<p style=\"text-align: center;\">Rua Marechal Rondon, 510 - Salto Norte<br \/>Blumenau-SC | CEP 89065-200<\/p>\r\n<p style=\"text-align: center;\"><a href=\"mailto:contato@almeidaambiental.com.br\" title=\"Read more\" class=\"btn btn-link btn-normal btn-inline extramailbutton\" target=\"_self\">Read more<\/a><!-- .btn -->\r\n<div class=\"clear\"><\/div><\/div><!-- .content_box (end) -->\r\n<p><iframe loading=\"lazy\" style=\"border: 0;\" src=\"https:\/\/www.google.com\/maps\/embed?pb=!1m14!1m8!1m3!1d14235.622154863298!2d-49.0974267!3d-26.8747421!3m2!1i1024!2i768!4f13.1!3m3!1m2!1s0x0%3A0xb9b2de444ef5374!2sSaturno%20Ambiental!5e0!3m2!1spt-BR!2sbr!4v1654798941238!5m2!1spt-BR!2sbr\" width=\"2000\" height=\"300\" allowfullscreen=\"allowfullscreen\"><\/iframe><\/p>\r\n<\/div>\r\n<div class=\"content_box extrabox_1 \">\r\n<div class=\"row \">\r\n<div class=\"span7 \"><p>Conhe\u00e7a nossos Servi\u00e7os<\/p><\/div>\r\n<div class=\"span5 \"><a href=\"https:\/\/almeidaambiental.com.br\/saturno\/servicos\/\" title=\"Solu\u00e7\u00f5es\" class=\"btn btn-primary btn-normal btn-inline \" target=\"_self\">Solu\u00e7\u00f5es<\/a><!-- .btn --><\/div>\r\n<\/div><!-- .row (end) -->\r\n<div class=\"clear\"><\/div><\/div><!-- .content_box (end) -->\r\n<div class=\"content_box extrabox_2 \">\r\n<div class=\"row \">\r\n<div class=\"span3 \"><p><img loading=\"lazy\" decoding=\"async\" class=\"alignnone size-full wp-image-2000\" src=\"https:\/\/almeidaambiental.com.br\/saturno\/wp-content\/uploads\/2019\/05\/page1_img1.jpg\" alt=\"page1_img1\" width=\"270\" height=\"242\" \/><\/p><\/div>\r\n<div class=\"span5 \"><h3>O Grupo Almeida Ambiental<br \/>atua no setor de gest\u00e3o de res\u00edduos<br \/>desde 1985<\/h3>\r\n<p>Queremos continuar contribuindo por uma sociedade mais sustent\u00e1vel social e ambientalmente, vamos juntos?<\/p>\r\n<a href=\"https:\/\/almeidaambiental.com.br\/saturno\/a-almeida\/\" title=\"leia mais\" class=\"btn btn-link btn-normal btn-inline extralink_1\" target=\"_self\">leia mais<\/a><!-- .btn --><\/div>\r\n<div class=\"span1 \"><div class=\"vertical-divider\"><\/div><!-- divider (end) --><\/div>\r\n<div class=\"span3 \"><div class=\"list styled arrow-list\">\r\n<ul>\r\n<li><a>\u00c9tica<\/a><\/li>\r\n<li><a>Valoriza\u00e7\u00e3o das pessoas<\/a><\/li>\r\n<li><a>Esp\u00edrito de equipe<\/a><\/li>\r\n<li><a>Respeito ao cliente<\/a><\/li>\r\n<li><a>Transpar\u00eancia<\/a><\/li>\r\n<li><a>Responsabilidade<\/a><\/li>\r\n<\/ul>\r\n<\/div><\/div>\r\n<\/div><!-- .row (end) -->\r\n<div class=\"clear\"><\/div><\/div><!-- .content_box (end) -->\r\n<p><\/p>\r\n<\/div> <\/div>","protected":false},"excerpt":{"rendered":"&nbsp; &nbsp;","protected":false},"author":1,"featured_media":0,"parent":0,"menu_order":0,"comment_status":"open","ping_status":"closed","template":"page-home.php","meta":{"footnotes":""},"class_list":["post-203","page","type-page","status-publish","hentry"],"_links":{"self":[{"href":"https:\/\/almeidaambiental.com.br\/saturno\/wp-json\/wp\/v2\/pages\/203","targetHints":{"allow":["GET"]}}],"collection":[{"href":"https:\/\/almeidaambiental.com.br\/saturno\/wp-json\/wp\/v2\/pages"}],"about":[{"href":"https:\/\/almeidaambiental.com.br\/saturno\/wp-json\/wp\/v2\/types\/page"}],"author":[{"embeddable":true,"href":"https:\/\/almeidaambiental.com.br\/saturno\/wp-json\/wp\/v2\/users\/1"}],"replies":[{"embeddable":true,"href":"https:\/\/almeidaambiental.com.br\/saturno\/wp-json\/wp\/v2\/comments?post=203"}],"version-history":[{"count":44,"href":"https:\/\/almeidaambiental.com.br\/saturno\/wp-json\/wp\/v2\/pages\/203\/revisions"}],"predecessor-version":[{"id":3181,"href":"https:\/\/almeidaambiental.com.br\/saturno\/wp-json\/wp\/v2\/pages\/203\/revisions\/3181"}],"wp:attachment":[{"href":"https:\/\/almeidaambiental.com.br\/saturno\/wp-json\/wp\/v2\/media?parent=203"}],"curies":[{"name":"wp","href":"https:\/\/api.w.org\/{rel}","templated":true}]}}